03
In base 16, what is 7e6a354 + b?
7e6a35f
In base 8, what is 177751343 - -6?
177751351
In base 15, what is -1516d - 10a1?
-1621e
In base 15, what is 357474b - -8?
3574754
In base 12, what is 1 + -292894?
-292893
In base 12, what is 54611 - 70?
54561
In base 15, what is -293 + -3585?
-3828
In base 10, what is 59195 - 388?
58807
In base 6, what is -234205251235 + -4?
-234205251243
In base 2, what is -10110101111011000111111 + -10?
-10110101111011001000001
In base 10, what is 6 - 456059?
-456053
In base 16, what is 69373e - 5?
693739
In base 5, what is -4110340000 - -1?
-4110334444
In base 15, what is -1 - 6c963?
-6c964
In base 5, what is -2234 + 2121110?
2113321
In base 11, what is -62 - 19541a?
-195481
In base 16, what is -7a + -176b9c?
-176c16
In base 7, what is -2 + 54442651?
54442646
In base 5, what is -1303301112141 + 0?
-1303301112141
In base 4, what is 23121131 - 12130?
23103001
In base 12, what is -12255b43 - -16?
-12255b29
In base 10, what is 0 + -90751341?
-90751341
In base 16, what is 29 + -43e656?
-43e62d
In base 15, what is -5 - -d2097?
d2092
In base 12, what is 8938626 + 10?
8938636
In base 5, what is -12 - 312111142?
-312111204
In base 12, what is 35 - 3131?
-30b8
In base 14, what is -690115a + 3?
-6901157
In base 15, what is -818 + -3e1?
-c09
In base 8, what is 364563300 - 5?
364563273
In base 14, what is -dd550 + 148?
-dd406
In base 14, what is 1432 - 5d8b1?
-5c47d
In base 12, what is -2b6119 + -9b?
-2b61b8
In base 5, what is 33 + 4232012?
4232100
In base 14, what is -106 + c4c93?
c4b8b
In base 13, what is 380 - 2880?
-2500
In base 5, what is 44010201 + -31?
44010120
In base 16, what is 89a7b33 + -7?
89a7b2c
In base 6, what is -25 - 102004104?
-102004133
In base 15, what is -332ad - -735?
-32a78
In base 4, what is 1213 + 12110032?
12111311
In base 4, what is 30013232132 - 102?
30013232030
In base 8, what is -4 - -262453300?
262453274
In base 4, what is 1201131 + 1033?
1202230
In base 16, what is 823e1 - 9?
823d8
In base 14, what is 770c - 1d3?
7519
In base 11, what is 74a72 - 410?
74662
In base 3, what is -22021210122 - 2112?
-22021220011
In base 6, what is 1351434 - -525?
1352403
In base 7, what is -4 - -223362334?
223362330
In base 13, what is -108 + 7a2b3?
7a1a8
In base 13, what is -2710b - -3011?
-240ca
In base 15, what is -e - 161e41?
-161e50
In base 16, what is 4f - 3a63ce?
-3a637f
In base 16, what is 4 + -1504c?
-15048
In base 13, what is a58548 + -3?
a58545
In base 14, what is -3b456 + 7b?
-3b3b9
In base 3, what is 20112112 + -10100101102?
-10002211220
In base 8, what is 3 + 1151725?
1151730
In base 2, what is 101101111000110011001 - 101110001?
101101111000000101000
In base 6, what is -34443 + 1540?
-32503
In base 7, what is 355366633 + -3?
355366630
In base 3, what is 11211 + 110212122022?
110212211010
In base 5, what is 2224414213 + -100?
2224414113
In base 13, what is 6a78b + -7?
6a784
In base 9, what is 275747 - 273?
275464
In base 14, what is -26 + -6d9284?
-6d92aa
In base 3, what is 0 - -10001121011211200?
10001121011211200
In base 13, what is -bc - 17677?
-17766
In base 3, what is -21200 + -2002120111?
-2002212011
In base 13, what is -4 + -6a88016?
-6a8801a
In base 5, what is -213233 + 10023?
-203210
In base 9, what is -2223 - -3127?
804
In base 2, what is 10011111100 - -1010001000?
11110000100
In base 15, what is 29 - 4bd438?
-4bd40e
In base 2, what is -11 - -11100010100100110101101000?
11100010100100110101100101
In base 14, what is -3d9 + -190d1?
-194ca
In base 5, what is 11 + -1312031421?
-1312031410
In base 8, what is -15215 + -304?
-15521
In base 14, what is -758 - -d679?
cd21
In base 7, what is 4 + 204104024?
204104031
In base 16, what is -7ca1 - -2bb1?
-50f0
In base 14, what is 5d2 - 23585?
-22d93
In base 5, what is 1120412 - 131011?
434401
In base 10, what is 1184571 + -45?
1184526
In base 14, what is 2 + -4145a3?
-4145a1
In base 9, what is -1358 + 316158?
314700
In base 14, what is -3 + 15c77d?
15c77a
In base 2, what is 101111100 + -100010011101001000?
-100010010111001100
In base 16, what is -6e1 - 5bc36?
-5c317
In base 2, what is -10000 - 1000100000011000000100111?
-1000100000011000000110111
In base 16, what is 838 - -2e8b?
36c3
In base 8, what is -42 + 62211146?
62211104
In base 4, what is 233131232 + 1233?
233133131
In base 7, what is -15512 - -10225?
-5254
In base 6, what is 314500 - 320351?
-1451
In base 16, what is -6894 + 5c?
-6838
In base 12, what is 58967 - 109?
5885a
In base 3, what is 122200211 + 1110100122?
2010001110
In base 13, what is -29154 - -b5?
-2906c
In base 9, what is 27 + 45827?
45855
In base 16, what is -c1 - -1ddb1?
1dcf0
In base 2, what is 10010001000011000000011 - 11?
10010001000011000000000
In base 8, what is 31330 + -521?
30607
In base 15, what is -4 + 15574c4?
15574c0
In base 6, what is -3200 + -124144?
-131344
In base 7, what is -113302 + 5030?
-105242
In base 10, what is -4 - -109866215?
109866211
In base 7, what is 4 + 55425040?
55425044
In base 16, what is -944e0 - -4ee?
-93ff2
In base 2, what is -11000111011000010001011011110 + 11?
-11000111011000010001011011011
In base 8, what is 63105571 + -12?
63105557
In base 2, what is 11101111101010 + -100111100010?
11001000001000
In base 7, what is -455656410 + -5?
-455656415
In base 2, what is -1011111011000 + -1010011101000?
-10110011000000
In base 5, what is -121310321 + 1023?
-121304243
In base 9, what is 4 + -33756265?
-33756261
In base 15, what is -1a6b6330 + -2?
-1a6b6332
In base 13, what is -27b96 + -245?
-2810b
In base 6, what is -5 - -24103551545?
24103551540
In base 10, what is -261964 + 1?
-261963
In base 10, what is -1316191 + 23?
-1316168
In base 13, what is -3c + -322a22?
-322a61
In base 6, what is 35 - 1142024?
-1141545
In base 4, what is 10003 + 302311313?
302321322
In base 13, what is -17 - -178551a?
1785503
In base 14, what is a29a9b + -1?
a29a9a
In base 8, what is 241 - 15066476?
-15066235
In base 10, what is -4 + 27871403?
27871399
In base 8, what is -741 - -42331?
41370
In base 8, what is -24344264 - -3?
-24344261
In base 10, what is 820984487 - -4?
820984491
In base 13, what is 0 - 52424b33?
-52424b33
In base 2, what is -11 + -1000111001000110111111?
-1000111001000111000010
In base 8, what is -600040007 - 0?
-600040007
In base 2, what is 1 - 1010010100011001000010?
-1010010100011001000001
In base 3, what is 211012111112 - 101?
211012111011
In base 11, what is -20455 + -588?
-20a32
In base 16, what is -294d51a + -4?
-294d51e
In base 7, what is -143312423 - 6?
-143312432
In base 15, what is -13a76 + 458c?
-e4d9
In base 13, what is c6bac - -52?
c6c31
In base 2, what is -100101001111000100 + -10011?
-100101001111010111
In base 5, what is -1020 - 143322?
-144342
In base 16, what is 1 + -c57ff1a?
-c57ff19
In base 7, what is 4 + 1324363215?
1324363222
In base 2, what is 10101010000110 - -1101010010110?
100010100011100
In base 12, what is 1b68b9 - 24b?
1b666a
In base 14, what is -6 + -784c8?
-784d0
In base 16, what is -79e3 + b9?
-792a
In base 12, what is -54630448 + -3?
-5463044b
In base 6, what is 2152443023 - 0?
2152443023
In base 12, what is -1598b8446 + 2?
-1598b8444
In base 7, what is -12226355 + -106?
-12226464
In base 12, what is 345b91 - 430?
345761
In base 15, what is -17a383e + a?
-17a3834
In base 15, what is 6e9 - -13934?
1412d
In base 10, what is -19 + 237237?
237218
In base 12, what is -52 + 86a7?
8655
In base 8, what is 277224 + 340?
277564
In base 13, what is -2 + -15c78ac6?
-15c78ac8
In base 16, what is 7 + cf8b037?
cf8b03e
In base 5, what is 4 - -1130430042423?
1130430042432
In base 3, what is 12 + -1001012111111011?
-1001012111110222
In base 12, what is -1381354a - -4?
-13813546
In base 6, what is -23014245555 + -10?
-23014250005
In base 11, what is 118481 + 58?
118529
In base 16, what is 830 - -9fa?
122a
In base 3, what is -101100120 + -1?
-101100121
In base 7, what is 10561453 - 335?
10561115
In base 9, what is 2037681 - -341?
2038132
In base 8, what is 7010042 - -467?
7010531
In base 15, what is 2e8ee88 + -d?
2e8ee7a
In base 4, what is 12 - -3033120302?
3033120320
In base 12, what is 3a13089b - -4?
3a1308a3
In base 11, what is 19 + 716554?
716572
In base 16, what is 5 + -56a78a1?
-56a789c
In base 6, what is -102533 + 325234?
222301
In base 12, what is 6a65 - -6005?
10a6a
In base 15, what 